d 36?
9
Suppose h + 5*r - 116 = 2*r, 0 = -5*r + 10. What is the greatest common factor of h and 44?
22
Let n be -2 - 10*(-1)/2. Let u be (64/6)/(n/36). What is the greatest common divisor of u and 32?
32
Let z = 9 + -10. Let x be (-2)/((-3)/3*(0 - z)). Calculate the greatest common divisor of x and 1.
1
Suppose -104 - 70 = -6*c. Let i = -5 + c. Suppose -2*t = 3*f - 186, -t = t - 6. Calculate the greatest common divisor of f and i.
12
Let y(f) = 17*f + 1185. Let k be y(-65). What is the greatest common factor of k and 704?
16
Let q = -1313 - -1333. Let c = 1 + 4. Calculate the greatest common divisor of q and c.
5
Suppose 6*c + 53 = -31. Let s be (-1228)/c + 2/7. Calculate the greatest common factor of 8 and s.
8
Let a(y) = -y**2 - 5*y - 4. Let i be a(-3). Suppose 3 + 3 = -i*o. Let u(t) = 2*t**2 + 2*t - 2. Let b be u(o). Calculate the highest common factor of b and 10.
10
Let j = 1853 - 1819. Calculate the greatest common divisor of 731 and j.
17
Let u = 2400 - 1715. What is the highest common factor of u and 137?
137
Let y be ((-18)/(-4))/(16 + (-1375)/88). Calculate the greatest common factor of y and 2964.
12
Let t(z) = -z**3 + 5*z**2 - 7*z - 9. Let d be t(6). Let k = 107 + d. What is the greatest common divisor of 20 and k?
20
Let w = 23 - 9. Let t = -195 - -429. Suppose 46 = 5*o - t. Calculate the greatest common divisor of o and w.
14
Let z be 358/3 + 6/9. Calculate the greatest common divisor of 72 and z.
24
Let h(b) = b**3 + 7*b**2 - 6. Let u be h(-7). Let m = 10 + u. Let f = m - -3. Calculate the highest common divisor of 21 and f.
7
Let h be (-1)/(-2) + 623/14. Let n = -2 - -7. Suppose n = 5*j - 4*j. Calculate the greatest common divisor of j and h.
5
Let y = 194 - 169. Calculate the highest common factor of y and 25.
25
Suppose 0 = 15*i - 11*i - 356. Let z = i - 81. Calculate the greatest common factor of 56 and z.
8
Let t = 2 - -3. Suppose 0 = 11*i - 3*i - 240. Suppose 0 = 2*l - 8*l + i. What is the highest common factor of t and l?
5
Let i be (-1232)/33*(6 - (-30)/(-4)). What is the highest common divisor of 1512 and i?
56
Let n(k) = -k**3 - 12*k**2 - k + 3. Let m(w) = 4*w + 4. Let j be m(-4). Let p be n(j). Calculate the highest common divisor of 6 and p.
3
Let p = 82 + -56. Suppose 211*n - 12 = 205*n. What is the highest common factor of n and p?
2
Let i(c) = -c**2 - 21*c - 72. Let r be i(-9). What is the greatest common divisor of 9 and r?
9
Suppose 13*a - 15*a = -4*d + 438, 5*d - 4*a = 546. Calculate the highest common divisor of d and 275.
55
Suppose -4*d - h + 1279 = -468, -3*d = 4*h - 1307. What is the highest common factor of 69 and d?
23
Let b(j) = j**3 + 8*j**2 - 12*j - 63. Let w be b(-8). Suppose 4*a + 7 = 51. What is the greatest common factor of w and a?
11
Let d be 44/(-3)*(-333)/222. Calculate the highest common divisor of 8 and d.
2
Let t be -1 - (0 - -1)*2. Let z(h) = -3*h. Let a be z(t). Suppose 0 = 2*s - a - 21. What is the greatest common factor of 105 and s?
15
Let c = 1555 + -1531. Calculate the greatest common divisor of 69 and c.
3
Let y = 12 + -7. Suppose y*g - 25 = -0*g. Suppose g*s - r - 139 = r, 0 = -5*r - 10. Calculate the highest common divisor of 189 and s.
27
Let f(s) = -s**3 - s**2 + 3*s + 14. Let l be f(-4). Calculate the greatest common divisor of 125 and l.
25
Let c be (-8*15/(-9))/(3/18). Calculate the highest common factor of 24 and c.
8
Suppose 4*d + 245 = k - 2, 0 = 3*d + 5*k + 191. Let o = d + 69. Let q(p) = -2*p + 4. Let f be q(-5). Calculate the highest common divisor of f and o.
7
Let p be (4/3)/((-44)/(-165)). Suppose -10*d + 440 = 40. What is the greatest common divisor of p and d?
5
Let u = -5 - -13. Let k be 64 + u*3/(-6). Suppose o - 95 = -5*w, -3*o - o = -2*w + k. Calculate the highest common factor of w and 100.
20
Let g be (-3)/(-2 + 44/24). Suppose -2*i = -p - 45, i = -0*p - p + g. Suppose 2*y - 23 = i. What is the highest common factor of y and 2?
2
Suppose 3*y + y - 828 = 0. Suppose -3*k - 3*b = -117, 3*k - b + y = 8*k. What is the highest common factor of 63 and k?
21
Suppose 0 = a + 35 - 125. Suppose 5*r + 2 = -3. Let w be r/4 - (-41)/4. Calculate the greatest common factor of a and w.
10
Suppose 0 = -7*s + 37 + 54. Suppose 73 = 4*w + s. Suppose 0 = -5*l - 4*a + 304, a = -l + 5*a + 56. Calculate the highest common factor of l and w.
15
Suppose -4*y = -63 - 5. What is the greatest common divisor of 17 and y?
17
Let w = 155 - 100. Suppose 3*x = -d + 99, 5*d = x - 0*d - 33. Calculate the greatest common factor of w and x.
11
Let q(s) be the first derivative of -3*s**2/2 - 4*s + 7. Let u be q(-12). Let m(p) = -2*p + 160. Let x be m(0). Calculate the highest common divisor of u and x.
32
Suppose 0 = 3*d - 190 - 44. Let b(r) = -r**3 + 11*r**2 - 14*r + 19. Let v be b(7). Calculate the highest common factor of v and d.
39
Let f(w) = -w + 16. Let t be f(1). What is the highest common divisor of t and 3?
3
Let c = 21 + -9. Let t = 10 - c. Let p be (t/5)/((-2)/80). What is the highest common divisor of 128 and p?
16
Suppose -4452 = -8*y + 492. What is the highest common divisor of 6 and y?
6
Suppose 2*g - 405 = -3*o, g + 135 = 12*o - 11*o. Calculate the greatest common factor of o and 165.
15
Let w(v) = 32*v - 161. Let p be w(8). What is the highest common divisor of 152 and p?
19
Suppose -1688 = -9*z + 976. Let i = -188 + z. Suppose -3*s - y + 78 = 0, 3*s + s + 5*y - 93 = 0. Calculate the greatest common factor of s and i.
27
Let a be (-96)/(-20) + (-4)/5. Suppose w - 6*f + a*f = -1072, -w = -4*f + 1080. Let z be w/(-35) - (-4)/(-10). What is the greatest common divisor of z and 210?
30
Suppose 3*g = 4*s - 19, -5*s + 0 = -5*g - 25. Let z(v) = v**2 + 49*v + 529. Let p be z(-33). What is the greatest common divisor of s and p?
1
Suppose 318 = 2*x - 2*y, y + 165 = x - 2*y. What is the greatest common factor of 117 and x?
39
Suppose 2*w - 4 = 3*j - 7*j, 0 = 2*w - 2*j - 4. Suppose b = -4*o - 10, 7*b - w*b + 5*o - 10 = 0. What is the highest common divisor of 3 and b?
3
Let u = 188 + -20. Let b = -24 - -45. What is the greatest common factor of b and u?
21
Let u(m) = m**3 + 15*m**2 + m + 17. Let v be u(-15). Suppose -2*t + 26 = 2*k + v*t, -4*k + 34 = 2*t. What is the highest common factor of 63 and k?
7
Let m(g) = -68*g - 91. Let k be m(-7). What is the highest common divisor of k and 55?
55
Suppose 448*i + 32 = 450*i - 2*n, 0 = -5*i - 4*n + 26. Let l = -4 + 8. Let p(q) = 3*q - 2. Let c be p(l). What is the highest common factor of i and c?
10
Suppose -i = -4*i + 30. Suppose -i = -c + 4. Let o be (-3 + 2 + -5)*-7. What is the greatest common factor of c and o?
14
Let i = -113 - -164. Let f = i - 5. What is the greatest common divisor of f and 69?
23
Let s(b) = -b**2 + 27*b - 133. Let d be s(10). Calculate the greatest common divisor of d and 37.
37
Suppose -44 = -0*a + a. Let f be (a/(-4))/((-28)/(-26) + -1). Calculate the highest common factor of f and 11.
11
Suppose -5*x - 1904 = -22*x. Calculate the highest common divisor of 32 and x.
16
Suppose -2*l = 5*r - 682, -33*r + 685 = -28*r + 5*l. Calculate the greatest common factor of r and 51.
17
Suppose -5*w + 98 = -102. Let b be 4/((-12)/(-9)) - -12. Suppose -z + 5 = 0, -5*l + b = z - 3*z. Calculate the greatest common divisor of l and w.
5
Let l(r) = r**2 - 8*r + 15. Let t be l(5). Suppose t = -4*k - 2*u + 4, -u - 1 = 1. Suppose k = -4*n + 54. Calculate the highest common factor of n and 143.
13
Let n be (-3 - -2)*0/3. Suppose -a - 34 = -4*k + 31, -k - a + 10 = n. Let g be 1/(-3) + (-4693)/(-39). What is the greatest common factor of k and g?
15
Let w = -1 + -1. Let b be w/(-3)*(257 + -2). Let d(o) = o**3 - 13*o**2 + o + 4. Let r be d(13). Calculate the greatest common divisor of r and b.
17
Suppose 15*r + 299 = 1799. Calculate the greatest common factor of 160 and r.
20
Let w = -90 + 56. Let t = -18 - w. Let p be (1604/(-1203))/(1*(-1)/3). Calculate the greatest common factor of t and p.
4
Let o = -8 - -35. Let m = 15 - -12. Calculate the greatest common factor of o and m.
27
Suppose -4*r = -q - 4 + 12, 0 = 5*r + 3*q + 10. Let t be (6/(-9))/(r/3*1). What is the greatest common factor of t and 1?
1
Suppose -217 - 44 = -3*d. Let x(v) = 22*v - 1. Let w be x(-1). Let i = d + w. What is the highest common factor of i and 160?
32
Let q(x) =